{"id":9,"date":"2021-06-03T11:37:01","date_gmt":"2021-06-03T09:37:01","guid":{"rendered":"https:\/\/www.naturhaus.com\/magazin\/?page_id=9"},"modified":"2023-04-21T12:14:52","modified_gmt":"2023-04-21T10:14:52","slug":"blog","status":"publish","type":"page","link":"https:\/\/www.naturhaus.com\/magazin\/blog\/","title":{"rendered":"Beitr\u00e4ge"},"content":{"rendered":"<ul class=\"wp-block-latest-posts__list has-dates has-author wp-block-latest-posts\"><li><div class=\"wp-block-latest-posts__featured-image\"><img loading=\"lazy\" decoding=\"async\" width=\"150\" height=\"150\" src=\"https:\/\/www.naturhaus.com\/magazin\/wp-content\/uploads\/2025\/10\/magazin_chrysantheme_1920x675-150x150.webp\" class=\"attachment-thumbnail size-thumbnail wp-post-image\" alt=\"Frau mit langen braunen Haaren, die in einem Feld von orangefarbenen Chrysanthemen steht.\" style=\"\" \/><\/div><a class=\"wp-block-latest-posts__post-title\" href=\"https:\/\/www.naturhaus.com\/magazin\/chrysantheme-die-blume-der-ewigkeit-und-schoenheit\/\">Chrysantheme \u2013 Die Blume der Ewigkeit und Sch\u00f6nheit<\/a><div class=\"wp-block-latest-posts__post-author\">von Katharina Andreescu<\/div><time datetime=\"2025-10-15T10:11:07+02:00\" class=\"wp-block-latest-posts__post-date\">15. Oktober 2025<\/time><div class=\"wp-block-latest-posts__post-excerpt\">Die Chrysantheme ist weit mehr als nur eine beliebte Herbstblume. Sie steht f\u00fcr Eleganz, Langlebigkeit und kulturelle Tiefe. Ob in japanischen G\u00e4rten, auf europ\u00e4ischen Balkonen oder in der traditionellen Heilkunde \u2013 Chrysanthemen faszinieren mit ihrer Farbenpracht, Vielfalt und Symbolik. In diesem Beitrag erf\u00e4hrst du alles \u00fcber Herkunft, Pflege, Bedeutung der Chrysantheme \u2013 ideal f\u00fcr Gartenliebhaber&hellip;<\/div><\/li>\n<li><div class=\"wp-block-latest-posts__featured-image\"><img loading=\"lazy\" decoding=\"async\" width=\"150\" height=\"150\" src=\"https:\/\/www.naturhaus.com\/magazin\/wp-content\/uploads\/2025\/10\/facebook_apeiron_auromere_kraeuterzahncreme_minzfrei_1200x630-150x150.png\" class=\"attachment-thumbnail size-thumbnail wp-post-image\" alt=\"Apeiron Auromere Kr\u00e4uterzahncreme minzfrei\" style=\"\" \/><\/div><a class=\"wp-block-latest-posts__post-title\" href=\"https:\/\/www.naturhaus.com\/magazin\/apeiron-auromere-kraeuter-zahncreme-minzfrei-sanfte-zahnpflege-mit-der-kraft-der-natur\/\">Apeiron Aurom\u00e8re Kr\u00e4uter-Zahncreme minzfrei  sanfte Zahnpflege mit der Kraft der Natur<\/a><div class=\"wp-block-latest-posts__post-author\">von Geli<\/div><time datetime=\"2025-10-08T11:50:28+02:00\" class=\"wp-block-latest-posts__post-date\">8. Oktober 2025<\/time><div class=\"wp-block-latest-posts__post-excerpt\">Mit der Apeiron Aurom\u00e8re Kr\u00e4uter-Zahncreme minzfrei setzen Sie auf gesunde Z\u00e4hne und ein strahlendes L\u00e4cheln. Wer auf nat\u00fcrliche Inhaltsstoffe setzt und dabei auf Fluorid sowie synthetische Zus\u00e4tze verzichten m\u00f6chte, findet in der Apeiron Aurom\u00e8re Kr\u00e4uter-Zahncreme minzfrei eine besonders schonende Alternative. Die Zahnpasta kombiniert das traditionelle Wissen der ayurvedischen Kr\u00e4uterkunde mit modernen Erkenntnissen der Zahnmedizin und&hellip;<\/div><\/li>\n<li><div class=\"wp-block-latest-posts__featured-image\"><img loading=\"lazy\" decoding=\"async\" width=\"150\" height=\"150\" src=\"https:\/\/www.naturhaus.com\/magazin\/wp-content\/uploads\/2025\/09\/magazin_oktoberfest_1920x675-150x150.webp\" class=\"attachment-thumbnail size-thumbnail wp-post-image\" alt=\"Vier Personen in traditioneller bayerischer Tracht mit Bierkr\u00fcgen, die lachen und feiern.\" style=\"\" \/><\/div><a class=\"wp-block-latest-posts__post-title\" href=\"https:\/\/www.naturhaus.com\/magazin\/oktoberfest-tradition-feiern-nachhaltige-begleitung\/\">Oktoberfest \u2013 Tradition, Feiern &#038; nachhaltige Begleitung<\/a><div class=\"wp-block-latest-posts__post-author\">von Katharina Andreescu<\/div><time datetime=\"2025-10-01T15:38:16+02:00\" class=\"wp-block-latest-posts__post-date\">1. Oktober 2025<\/time><div class=\"wp-block-latest-posts__post-excerpt\">Das Oktoberfest ist weit mehr als ein Volksfest: Es ist ein Erlebnis mit Geschichte, Kultur, Genuss und dabei auch Gemeinschaft. Jahr f\u00fcr Jahr zieht es Menschen aus aller Welt nach M\u00fcnchen \u2013 aber auch in vielen Regionen dar\u00fcber hinaus wird das Fest gefeiert. Zwischen Ma\u00dfkr\u00fcgen, Dirndl und Lederhosen, Blasmusik und Leckereien schwingt dabei die Freude&hellip;<\/div><\/li>\n<li><div class=\"wp-block-latest-posts__featured-image\"><img loading=\"lazy\" decoding=\"async\" width=\"150\" height=\"150\" src=\"https:\/\/www.naturhaus.com\/magazin\/wp-content\/uploads\/2025\/05\/magazin_gesichtsoel_1920x675-150x150.webp\" class=\"attachment-thumbnail size-thumbnail wp-post-image\" alt=\"Gesichtsoel\" style=\"\" \/><\/div><a class=\"wp-block-latest-posts__post-title\" href=\"https:\/\/www.naturhaus.com\/magazin\/gesichtsoel-vorteile-u-tipps\/\">Gesichts\u00f6l Vorteile u. Tipps<\/a><div class=\"wp-block-latest-posts__post-author\">von Geli<\/div><time datetime=\"2025-09-25T10:05:20+02:00\" class=\"wp-block-latest-posts__post-date\">25. September 2025<\/time><div class=\"wp-block-latest-posts__post-excerpt\">Gesichts\u00f6l ist l\u00e4ngst kein Geheimtipp mehr, sondern ein fester Bestandteil moderner Hautpflegeroutinen. Immer mehr Menschen setzen auf die Kraft nat\u00fcrlicher \u00d6le, um ihre Haut zu n\u00e4hren, zu sch\u00fctzen und mit wichtigen N\u00e4hrstoffen zu versorgen. Doch wie wendet man Gesichts\u00f6l richtig an? F\u00fcr wen eignet es sich? Und welches \u00d6l passt zu welchem Hauttyp? In diesem&hellip;<\/div><\/li>\n<li><div class=\"wp-block-latest-posts__featured-image\"><img loading=\"lazy\" decoding=\"async\" width=\"150\" height=\"150\" src=\"https:\/\/www.naturhaus.com\/magazin\/wp-content\/uploads\/2025\/09\/magazin_almawin_textilerfrischer_1920x675-150x150.webp\" class=\"attachment-thumbnail size-thumbnail wp-post-image\" alt=\"AlmaWin Textilerfrischer\" style=\"\" \/><\/div><a class=\"wp-block-latest-posts__post-title\" href=\"https:\/\/www.naturhaus.com\/magazin\/almawin-textilauffrischer-nachhaltige-frische-fuer-deine-kleidung-und-heimtextilien\/\">AlmaWin Textilauffrischer \u2013 nachhaltige Frische f\u00fcr deine Kleidung und Heimtextilien<\/a><div class=\"wp-block-latest-posts__post-author\">von Geli<\/div><time datetime=\"2025-09-24T11:04:38+02:00\" class=\"wp-block-latest-posts__post-date\">24. September 2025<\/time><div class=\"wp-block-latest-posts__post-excerpt\">Der neue AlmaWin Textilauffrischer sorgt f\u00fcr frische Kleidung und Polster. Er vermittelt ein gutes Gef\u00fchl und steigert das Wohlbefinden. Denn nicht immer l\u00e4sst sich ein Kleidungsst\u00fcck nach einmaligem Tragen sofort waschen. Gerade bei empfindlichen Stoffen oder in Situationen, in denen keine Waschmaschine zur Verf\u00fcgung steht, ist eine sanfte Auffrischung die ideale L\u00f6sung. Genau hier setzt&hellip;<\/div><\/li>\n<\/ul>","protected":false},"excerpt":{"rendered":"","protected":false},"author":1,"featured_media":0,"parent":0,"menu_order":0,"comment_status":"closed","ping_status":"closed","template":"","meta":{"footnotes":""},"class_list":["post-9","page","type-page","status-publish","hentry"],"_links":{"self":[{"href":"https:\/\/www.naturhaus.com\/magazin\/wp-json\/wp\/v2\/pages\/9","targetHints":{"allow":["GET"]}}],"collection":[{"href":"https:\/\/www.naturhaus.com\/magazin\/wp-json\/wp\/v2\/pages"}],"about":[{"href":"https:\/\/www.naturhaus.com\/magazin\/wp-json\/wp\/v2\/types\/page"}],"author":[{"embeddable":true,"href":"https:\/\/www.naturhaus.com\/magazin\/wp-json\/wp\/v2\/users\/1"}],"replies":[{"embeddable":true,"href":"https:\/\/www.naturhaus.com\/magazin\/wp-json\/wp\/v2\/comments?post=9"}],"version-history":[{"count":0,"href":"https:\/\/www.naturhaus.com\/magazin\/wp-json\/wp\/v2\/pages\/9\/revisions"}],"wp:attachment":[{"href":"https:\/\/www.naturhaus.com\/magazin\/wp-json\/wp\/v2\/media?parent=9"}],"curies":[{"name":"wp","href":"https:\/\/api.w.org\/{rel}","templated":true}]}}